r when u(i) is divided by 22?
15
Suppose 115 = 2*o - 105. What is the remainder when o is divided by 9?
2
Calculate the remainder when 141 is divided by ((-72)/(-60))/((-4)/(-60)).
15
Suppose 46 = 3*w + i, -4*w + 6*i = 2*i - 56. Calculate the remainder when 58 is divided by w.
13
Let k(l) = -34*l + 0 + 1 + 4 + 4. What is the remainder when k(-4) is divided by 49?
47
Let j = 1 - -1. Suppose -h = 4*d - 142, -d - j*h - 112 = -4*d. What is the remainder when d is divided by 19?
17
Let z(y) be the first derivative of -y**3/3 - y**2 + 4*y + 6. Let w be z(-3). Let h = w - -5. Calculate the remainder when 15 is divided by h.
3
What is the remainder when 190 is divided by 8/(-14) - 12192/(-168)?
46
Suppose -105 - 161 = -5*g + p, 5*p + 270 = 5*g. Let c = g + -16. Calculate the remainder when 147 is divided by c.
36
Let a(x) = x**2 + 24*x - 115. Calculate the remainder when 297 is divided by a(-29).
27
Let g(b) = b**3 + 10*b**2 + 13*b + 10. Let r be g(-8). Let x = 48 - r. Let o = 19 - x. Calculate the remainder when 13 is divided by o.
3
Let a(z) = -4*z - 8. Let u be a(-17). Suppose k = 2*k + 5*t - 25, 5*t - u = -2*k. What is the remainder when k is divided by 9?
8
Suppose 2 = -3*i + 23. Let c(g) = -28*g + 209. What is the remainder when c(5) is divided by i?
6
Let o = 473 - 56. Calculate the remainder when o is divided by 12.
9
Suppose 0 = 5*v - 21 - 14. Suppose v*r = 9*r - 92. Calculate the remainder when r is divided by 16.
14
Let t be (25/3)/(1/(-3)). Let z = -20 - t. Let m = 29 + -17. What is the remainder when m is divided by z?
2
Let n = 130 - 125. What is the remainder when 241/n + 5/(-25) + 4 is divided by 28?
24
Suppose -9 = -o - 16. Let i = o + 39. What is the remainder when 93 is divided by i?
29
Suppose 289 = 4*q - n, 4*q + 162 = 6*q - 4*n. Calculate the remainder when 221 is divided by q.
8
Let n = 464 - 450. What is the remainder when 44 is divided by n?
2
Suppose -35*i = -407 - 223. What is the remainder when 66 is divided by i?
12
Let a be ((-4 - -2) + 7)*-1. Let u = 84 - 61. Calculate the remainder when u is divided by (4/a)/((-2)/30).
11
Let y(t) = t**2 + 24*t - 7. What is the remainder when y(-27) is divided by 7?
4
Calculate the remainder when 44 is divided by 5 - (69 - -9)*(-1)/2.
0
Suppose 776 = 4*v + 3*f - 276, -3*v = 3*f - 792. Let y = v + -170. Calculate the remainder when y is divided by 46.
44
Suppose -5*r - 33*g + 282 = -30*g, 3*r + g = 166. What is the remainder when 137 is divided by r?
29
What is the remainder when -1 - 10/(-16) - 27885/(-312) is divided by 84?
5
Let b be (-26)/(-39) + 13/3. Suppose -b*c - a - 1 - 138 = 0, -120 = 4*c + 3*a. Calculate the remainder when (-322)/(-6) + 18/c is divided by 18.
17
Suppose -514 = 2*m - 630. What is the remainder when 282 is divided by m?
50
Suppose -10*n + 62 = -9*n. Let p(b) = 5*b**2 + 7*b - 2*b**2 - b**2 - 2. What is the remainder when n is divided by p(-5)?
10
Let u(i) = 2*i**2 - 10*i + 606. Calculate the remainder when u(0) is divided by 32.
30
Suppose 5*b + 4*g - 35 = 5*g, b - 3*g + 7 = 0. What is the remainder when b/44 - 588/(-33) is divided by 10?
8
Suppose -t - 20 = 4*t, 3*x = 3*t + 636. Calculate the remainder when x is divided by 30.
28
Suppose 4150 + 1817 = 27*c. What is the remainder when c is divided by 28?
25
Let a(d) = 6*d**2 + 2*d + 5. Let x be a(3). Suppose -4*q - z + 65 = 0, -x - 11 = -5*q + 4*z. Calculate the remainder when 29 is divided by q.
13
Suppose 224 = 4*z - 2*o, -5*o + 82 = 3*z - 60. Calculate the remainder when 124 is divided by z.
16
Let l(t) be the second derivative of t**3/6 + 3*t**2 - 10*t. What is the remainder when 7 is divided by l(-3)?
1
Let u(i) = -20*i - 634. What is the remainder when u(-36) is divided by 15?
11
Suppose -2*k = -5*v + 45, 0*v - 4*k + 31 = v. Suppose w - 75 + 11 = 0. Suppose w - 21 = p. Calculate the remainder when p is divided by v.
10
Let h(v) = 22*v - 1. Let q be h(1). Suppose -3*a + 15 = -q. Let w = 30 + -7. Calculate the remainder when w is divided by a.
11
Suppose -5*a - 2*j + 8 = 0, 3*a + j + 3 - 8 = 0. Let z be 1*a - (-3 - 1). Let g = 19 - z. What is the remainder when 37 is divided by g?
11
Let z(m) be the first derivative of 18*m**3 + m**2/2 - 2*m - 9. What is the remainder when z(1) is divided by 14?
11
Suppose -5*f = 2*i - 210, -i - 4*f + 65 + 46 = 0. What is the remainder when i is divided by 36?
23
Let l be 2 - (-4 - 7/(-1)) - -3. Suppose -7*a = -4*a - t - 32, 4*a - l*t = 40. Calculate the remainder when 214 is divided by a.
10
Let x = -8 - -17. Let s = -10 + x. Calculate the remainder when (0 + -30)/(s - 1) is divided by 5.
0
Let v = -331 + 380. Calculate the remainder when v is divided by 28.
21
Suppose 0 = -5*m + 7 + 13. Suppose -22 = m*b - 5*b. Suppose -4*o = r + o - 23, r - 4*o = -4. Calculate the remainder when b is divided by r.
6
Let w(y) = -3*y**3 - 1 + 3 - 5*y**2 + 0*y - 3*y. Suppose -25 = -8*x + 7*x. Calculate the remainder when w(-3) is divided by x.
22
Let d(u) = -u**2 - 12*u. Let z = -13 + -1. Let k = z + 7. Calculate the remainder when d(k) is divided by 9.
8
Suppose 73*u = 46*u + 2187. What is the remainder when 284 is divided by u?
41
Suppose -4*i = -5*h + 48, 4*h + 5*i = 2*i + 57. Let d = h - -15. What is the remainder when d is divided by 4?
3
Let f(s) = 7*s - 11. Let w be f(-4). Let j = -22 - w. Calculate the remainder when 65 is divided by j.
14
Let x(c) = -11*c**3 - 3958 - 2*c**2 + 3960 - 2*c**2 - 2*c. What is the remainder when x(-2) is divided by 10?
8
Let s = 52 + -49. Calculate the remainder when ((-6)/s)/(-1)*23 is divided by 16.
14
Suppose 0 = -3*j + 8*j - 450. Suppose j = 9*t - 3*t. Calculate the remainder when t is divided by 4.
3
Let m(x) = x - 14. Let g be m(9). Calculate the remainder when 2/(-5) - (-1056)/15 is divided by g/(-15) + 213/9.
22
Let b(z) = -z**3 - 19*z**2 + 22*z + 44. Let r be b(-20). Suppose w + 1 = 0, -r*w + 2*w = 4*s - 50. What is the remainder when 34 is divided by s?
8
Let w(a) = -a + 3. Let b be w(5). What is the remainder when 67 is divided by 33 + (-9)/(9/b)?
32
Let k = 10 - 6. Suppose k*d = -3*w - 14 + 41, 2*w - 18 = 5*d. Let x = -39 - -64. What is the remainder when x is divided by w?
7
Suppose 4*o - 91 = v - 6*v, 5*o + 5 = 0. Let k = 16 + -9. What is the remainder when v is divided by k?
5
Suppose 0 = 4*d + x - 22, -4*d = 7*x - 10*x - 30. Let j = 83 - 48. Let i = j - 20. What is the remainder when i is divided by d?
3
Suppose 0 = -14*x + 11*x + 9. Suppose -5*i + 250 = 4*u, -3*i - i = x*u - 201. Let a(k) = 7*k. What is the remainder when i is divided by a(2)?
12
Let i(g) = -22 - 3*g - 5*g + g**2 + g + 21*g. What is the remainder when 84 is divided by i(-17)?
26
Let m = 935 - 902. Calculate the remainder when 184 is divided by m.
19
Suppose -16*x = -x - 60. Suppose -x*u + 153 = 3*n, 3*u - 5*n = 7*u - 143. Calculate the remainder when u is divided by 23.
19
Suppose c = 497 - 366. Calculate the remainder when c is divided by 66.
65
Let l = -68 - -81. What is the remainder when 154 is divided by l?
11
Suppose 5 = -5*i - a + 2, -4*a + 4 = 4*i. Let n be -2*(-1 + i + -2). Let j = n - -11. What is the remainder when j is divided by 7?
5
Suppose 0 = 5*r - 3*r - 54. Let o(m) be the first derivative of -m**4/4 + 2*m**3 - 10*m + 6. Calculate the remainder when r is divided by o(5).
12
Suppose -25*o - 26*o + 26061 = 0. What is the remainder when o is divided by 103?
99
Suppose -10*d + 5*l = -11*d + 9, 0 = -3*d + 3*l + 63. Calculate the remainder when 88 is divided by d.
12
Let x = -16 + 13. What is the remainder when 52 is divided by -2 + 5*(x - -9)?
24
Let o = 7 - -14. What is the remainder when 88 is divided by o?
4
What is the remainder when (-8)/(-2 - -4) - (-262 - -37) is divided by 45?
41
Let c be 2*-93*6/(-12) + 3. Let r = c - 86. What is the remainder when 36 is divided by r?
6
Let k = 41 + -37. Suppose -3*v - 3*u + 30 = 0, 2*v - 2*u - k = -0. Calculate the remainder when 2/8 + (-182)/(-8) is divided by v.
5
Let p(g) = g**3 + 14*g**2 + g + 18. Let r be p(-14). Let w(s) = s**3 - 3*s**2 + 8*s + 0*s**2 - r - 6*s - s. Calculate the remainder when w(5) is divided by 13.
12
Suppose -2*x = 2*f + 4 + 44, 20 = -5*f. Let j be (-80)/6 - (-2)/(-3). Let u = j - x. What is the remainder when 15 is divided by u?
3
Suppose 0 = -4*s + 4, -44*t - 2*s + 488 = -43*t. Calcula